s the tens digit of r?
8
Let a(q) be the second derivative of -q**4/12 + 9*q**3/2 + 19*q**2/2 + 87*q. What is the units digit of a(27)?
9
Suppose 184*j = 181*j - 4*d + 10186, -2*d + 8 = 0. What is the units digit of j?
0
Let p = 569 - 407. Let o = 1148 - p. What is the tens digit of o?
8
Let y be 1/1 - (-24 + (4 - 0)). Let n(r) = r**2 - 27*r + 42. Let g be n(y). Let u = 284 + g. What is the tens digit of u?
0
Let l = -325 + 332. Suppose -3*k = -5*g + l*g - 921, 2*g - 956 = 4*k. What is the units digit of g?
8
Let r(d) = -d**3 + 5*d**2 + 5*d - 17. Let i(a) = a**3 - 10*a**2 - 10*a + 33. Let k(w) = -3*i(w) - 5*r(w). What is the units digit of k(5)?
6
Let v(g) = g**3 - g**2 - 2*g + 123. Suppose 4*m - 5*c + 6 = 0, -4*c + 2*c = -4*m. Let x be (0/m + 0)*-1. What is the units digit of v(x)?
3
Suppose t - 3*c - 10 = 0, 5*t - 2*c = -c + 8. What is the hundreds digit of -20*(-8 - t/((-4)/(-8)))?
2
Let l be 0/2 + (5 - 5). Suppose 0*h = 3*h + 5*u - 4, -2*u - 2 = l. Suppose h - 75 = -3*z. What is the units digit of z?
4
Let n(g) = -145*g + 22. Let y be n(-3). Let d = -273 + y. What is the units digit of d?
4
Let k be (4/(-6))/(20/(-2790)). Let q = k + 15. Let l = -1 + q. What is the tens digit of l?
0
Let a(w) = 2*w**2 + 3*w - 67. Let j be a(-8). Suppose -378 = j*o - 40*o. What is the hundreds digit of o?
1
Suppose 24 = 4*z, -2*p - 3*z + 27347 = 65. What is the hundreds digit of p?
6
What is the units digit of -8 - -39755 - ((13 - 4)*-1)/1?
6
Let s(x) = 46*x**3 - 2*x**2 + 5*x + 9. Let j(z) = 46*z**3 - z**2 + 5*z + 8. Let r(q) = -6*j(q) + 5*s(q). What is the tens digit of r(-2)?
5
Suppose g - 3*y = 6 - 14, 3*g - y = 8. Let a(j) = j**2 - 2*j + 4. Let q be a(g). What is the units digit of 381/q*-2*2*-1?
7
Suppose -r - 29 = 91. Suppose -16*l = 16*l + 1472. Let c = l - r. What is the tens digit of c?
7
Let k = 291 + -278. Suppose -5*n - 834 = -d, -k*n = -16*n - 6. What is the units digit of d?
4
What is the thousands digit of ((-24830)/(-4))/((-23)/(-46))?
2
Let x(m) = -179*m - 6. Let d(a) = -179*a - 7. Let q(i) = 5*d(i) - 6*x(i). Let u be q(-1). Let n = -91 - u. What is the tens digit of n?
8
Let j(s) be the first derivative of 4*s**3/3 - 41*s**2 - 55*s + 69. What is the units digit of j(29)?
1
Let z(g) = -1 - 19*g**2 + g - 91*g**2 + 22*g**2. Let v be z(-1). Let b = 222 + v. What is the hundreds digit of b?
1
Suppose -124*w - 30370 = -2*p - 120*w, 2*w = 3*p - 45563. What is the units digit of p?
9
Suppose -4*q = -2*g - 41532, 2*q + 3*g - 15751 = 5015. What is the tens digit of q?
8
Suppose 17*f + 4*n + 54522 = 22*f, -2*f + 2*n + 21810 = 0. What is the hundreds digit of f?
9
Let q(i) = -i**2 + 92*i + 496. What is the thousands digit of q(47)?
2
Suppose -i = -277 + 72. Let k(u) = -4*u - 242. Let j be k(-29). Let x = i + j. What is the units digit of x?
9
Suppose -59*a + 11776 = -51*a. Suppose a = -5*l + 7437. What is the thousands digit of l?
1
Let y(n) = 46*n**2 + 35*n - 34. What is the thousands digit of y(6)?
1
Suppose -6*w - 15 = -27. What is the tens digit of 94*(19 + -14)*1/w?
3
Suppose -m - 3*o + 4 = -7, -81 = -5*m - 2*o. Let j = -44 - -25. What is the tens digit of m/3*(-4 - j)?
8
Suppose -2*k + 67*k = 508170. What is the hundreds digit of k?
8
Let z = -18193 - -33977. What is the tens digit of z?
8
Let l = -34986 - -62668. What is the ten thousands digit of l?
2
Suppose -q - 3*q + 13 = -m, 0 = -5*q + 2*m + 20. Suppose 333 = q*h + 1. Let a = h - 41. What is the tens digit of a?
2
Let p be 3/9*(-19 - -100). What is the units digit of 13043/p + 2/(-27)?
3
Let w be -6*(707/(-18) - 26/117). Suppose -243*u = -w*u - 2718. What is the units digit of u?
3
Let n = 3183 - -2733. What is the units digit of n?
6
Suppose -1016256 = -112*v + 16*v. What is the hundreds digit of v?
5
Let a(z) be the third derivative of z**7/5040 + z**6/72 + z**5/60 + 16*z**2. Let v(w) be the third derivative of a(w). What is the tens digit of v(8)?
1
Let h = 228 - 228. Suppose h*b + 528 = 8*b. What is the units digit of b?
6
Suppose -1651*r - 17136 = -1665*r. What is the thousands digit of r?
1
Let s = -138 - -150. What is the tens digit of -4 + 8 - (-302 + s/(-4))?
0
Let h be ((-816)/30)/(-4 - 119/(-30)). Suppose 2*o = -2*r + h, 5*o - 1706 = -r + 346. What is the hundreds digit of o?
4
Suppose 5*o + 3*a = 105932, 297*a - 293*a = -o + 21166. What is the thousands digit of o?
1
Let i = -256 - -263. Let q(x) = -5*x**2 - 56*x + 38. Let y(j) = 2*j**2 + 19*j - 13. Let s(t) = -3*q(t) - 8*y(t). What is the tens digit of s(i)?
5
Suppose 1130 = 3*u - 3094. Let x = -556 + u. What is the hundreds digit of x?
8
Suppose -9*y - 7*y = -3*y. Suppose -h + 9*h - 1600 = y. What is the units digit of h?
0
Let y(b) = -b - 1. Let t be (2 - 2)/(-1 - 0). Let f be y(t). What is the tens digit of 93/(9/(-12)*f)?
2
Let u(x) = -176*x - 1227. What is the units digit of u(-61)?
9
What is the thousands digit of (2916561/(-46))/43*-2*2?
5
Suppose 6*y - 2210 = y. Let w = y + 136. What is the units digit of w?
8
Let c be (-4)/((-8)/4) + (-4)/2. Suppose c = -l + 19 + 135. Suppose 9*p = 11*p - l. What is the units digit of p?
7
Let i(m) = m**2 + 23*m + 81. What is the thousands digit of i(-69)?
3
Let v = -546 + 551. Suppose 0 = n - v*l - 15, 5*l + 95 = -39*n + 44*n. What is the units digit of n?
0
Let s(d) = -9*d**3 - 9*d**2 - 34*d + 3. Let x(h) = -7*h**3 - 9*h**2 - 34*h + 2. Let t(p) = -3*s(p) + 4*x(p). What is the units digit of t(-4)?
5
Suppose -2*i - 210 = 4*i. Let l = 1232 - i. What is the units digit of l?
7
Let d = 67 + -59. Suppose d = v + 4. Let m(i) = i**3 - 2*i**2 - 4*i. What is the tens digit of m(v)?
1
Let g = 2894 + -1810. What is the thousands digit of g?
1
Suppose 5*n - 20 = n. Suppose n*r = 3*o + 470, -2*o = -0*r + 2*r - 204. Let d = r + -29. What is the tens digit of d?
6
Suppose 37152 = 10*w - 183138. What is the ten thousands digit of w?
2
Let q(g) = -2*g**2 - 25*g - 47. Let o be q(-10). Suppose o*f = -11*f + 3640. What is the units digit of f?
0
Suppose -3*b = 184 - 34. Let c = 50 + b. Suppose -x + 5*x - 744 = c. What is the hundreds digit of x?
1
Suppose k + 17 - 40 = 0. Let y = 27 + -27. Suppose -k*d + 19*d + 656 = y. What is the tens digit of d?
6
Let u(i) = -738*i**3 - i**2 + 6*i + 8. What is the tens digit of u(-2)?
9
Let q(f) = -3*f**3 - 306*f**2 - 104*f - 342. What is the units digit of q(-103)?
7
Suppose -178906 = 175*l - 189*l. What is the thousands digit of l?
2
Let m be ((-4 - -1) + -2)*-1. Suppose m*z - 1102 + 252 = 0. What is the tens digit of z?
7
Suppose -5*x = -6*x + 2*o + 24, 4*o = -3*x + 32. What is the tens digit of ((-48)/x)/((-3)/765)?
6
Let d(x) be the first derivative of -89*x**2 + 10*x - 17. What is the tens digit of d(-2)?
6
Let v(j) = -j**3 - 47*j**2 - 79*j + 152. What is the hundreds digit of v(-48)?
2
Suppose -7*d + 95 = -5*d + 5*o, -5*d - o + 180 = 0. Let z = 40 - d. Suppose 5*c = -z*g + 440, -4*c - 6*g = -4*g - 348. What is the units digit of c?
6
Suppose -2*p + r + 242 = -p, 2*p = 3*r + 481. Let g = p + -70. What is the units digit of g?
5
Suppose 2*f + 3621 + 2439 = 4*g, -g + 1525 = 2*f. What is the hundreds digit of g?
5
Suppose -5*l + 5*q - q = -17708, -4*q - 14164 = -4*l. What is the tens digit of l?
4
Suppose -g - 5*y - 21 + 66 = 0, -12 = -4*y. Suppose 7*c = g - 2. Suppose 0 = -2*v - c + 54. What is the units digit of v?
5
Suppose -2*k + 6*f - 2*f = 0, -2*k - f = -20. Suppose -k = 4*p - 12. What is the units digit of (p/(-2))/(6/(-1212))?
1
Let q(g) = -3*g**3 + 2*g**2 - g + 7. Let d be (-7)/28 + 30/(-8). What is the hundreds digit of q(d)?
2
Suppose -571*a + 537*a + 403240 = 0. What is the thousands digit of a?
1
Suppose 18*v - 21*v + 3*k = -43710, 5*k = 15. What is the hundreds digit of v?
5
Let l(m) = -6*m**3 + 2*m**2 - 2. Let f be ((-3)/9)/(1/(-18)). Let g be (-12)/f - 0/1. What is the tens digit of l(g)?
5
Let t = -76 - -82. Let j(r) = -9*r**2 + 8*r + 8. Let b(x) = 10*x**2 - 7*x - 7. Let l(n) = t*b(n) + 5*j(n). What is the tens digit of l(-2)?
6
What is the units digit of (1 - 32/4)*(-670278)/147?
8
Let n(d) = 4*d**3 - 115*d - 3*d**3 + 19*d**2 - 24 - 59 + 120*d + 8. What is the units digit of n(-16)?
3
Suppose -13*o = -35889 - 52823. What is the hundreds digit of o?
8
Let v be (-2 - 12)/(-2) - 2. Suppose v*s - 654 = -49. Let t = -76 + s. What is the units di